{"id":1541,"date":"2023-12-01T09:39:59","date_gmt":"2023-12-01T08:39:59","guid":{"rendered":"https:\/\/www.emotionevents.it\/?page_id=1541"},"modified":"2023-12-01T09:40:00","modified_gmt":"2023-12-01T08:40:00","slug":"events-in-suedtirol","status":"publish","type":"page","link":"https:\/\/www.emotionevents.it\/de\/unsere-dienste\/events-in-suedtirol\/","title":{"rendered":"Events in S\u00fcdtirol"},"content":{"rendered":"<div class=\"wpb-content-wrapper\"><p>[vc_row css_animation=&#8220;&#8220; row_type=&#8220;row&#8220; use_row_as_full_screen_section=&#8220;no&#8220; type=&#8220;full_width&#8220; angled_section=&#8220;no&#8220; text_align=&#8220;left&#8220; background_image_as_pattern=&#8220;without_pattern&#8220; z_index=&#8220;&#8220;][vc_column width=&#8220;1\/4&#8243;][\/vc_column][vc_column width=&#8220;1\/2&#8243; css=&#8220;.vc_custom_1695712223618{padding-right: 20px !important;padding-left: 20px !important;}&#8220;][vc_empty_space height=&#8220;50px&#8220;][vc_column_text]<\/p>\n<h2 style=\"text-align: center;\"><span class=\"NormalTextRun SCXW17085630 BCX8\">Planen<\/span> <span class=\"NormalTextRun SCXW17085630 BCX8\">Sie<\/span> <span class=\"NormalTextRun SCXW17085630 BCX8\">Ihre<\/span> <span class=\"NormalTextRun SCXW17085630 BCX8\">Events <\/span><span class=\"NormalTextRun SCXW17085630 BCX8\">in S\u00fcdtirol<\/span><\/h2>\n<p>[\/vc_column_text][vc_empty_space][\/vc_column][vc_column width=&#8220;1\/4&#8243;][\/vc_column][\/vc_row][vc_row css_animation=&#8220;&#8220; row_type=&#8220;row&#8220; use_row_as_full_screen_section=&#8220;no&#8220; type=&#8220;full_width&#8220; angled_section=&#8220;no&#8220; text_align=&#8220;left&#8220; background_image_as_pattern=&#8220;without_pattern&#8220; css=&#8220;.vc_custom_1695712230288{padding-right: 20px !important;padding-left: 20px !important;}&#8220; z_index=&#8220;&#8220;][vc_column width=&#8220;1\/4&#8243;][\/vc_column][vc_column width=&#8220;1\/2&#8243;][vc_empty_space][vc_column_text]Willkommen bei Emotion Events, Ihrem Partner f\u00fcr unvergessliche Veranstaltungen im Herzen des zauberhaften S\u00fcdtirols. Tr\u00e4umen Sie davon, eine Veranstaltung zu organisieren, die in der Erinnerung aller bleibt, in einer atemberaubenden Umgebung? Wir sind hier, um jeden Aspekt Ihrer besonderen Veranstaltung Wirklichkeit werden zu lassen.<\/p>\n<p>&nbsp;<\/p>\n<p>Unser S\u00fcdtirol bietet eine einzigartige und au\u00dfergew\u00f6hnliche nat\u00fcrliche Kulisse, und hier bei Emotion Events setzen wir uns daf\u00fcr ein, Veranstaltungen zu kreieren, die ein authentischer Spiegel Ihrer Erwartungen sind. Von den majest\u00e4tischen Bergen bis zu den malerischen T\u00e4lern wird jeder Ort zur perfekten Kulisse f\u00fcr Ihre Veranstaltung.<\/p>\n<p>Unser erfahrenes Team k\u00fcmmert sich um jedes Detail, von der Auswahl der idealen Location bis zur Betreuung des Caterings, um eine makellose und unvergessliche Veranstaltung zu gew\u00e4hrleisten. Unser Catering ist unser Aush\u00e4ngeschild: Wir bieten kulinarische Exzellenz, die die lokalen und internationalen K\u00f6stlichkeiten S\u00fcdtirols zelebriert. Von traditionellen Gerichten bis zu modernen Gourmet-Kreationen erstellen wir ma\u00dfgeschneiderte Men\u00fcs, die jeden Wunsch erf\u00fcllen und Ihre G\u00e4ste begeistern.<\/p>\n<p>&nbsp;<\/p>\n<p>Wir sind hier, um Ihre Ideen in die Realit\u00e4t umzusetzen, indem wir Veranstaltungen in S\u00fcdtirol kreieren, die alle Erwartungen \u00fcbertreffen. Kontaktieren Sie Emotion Events noch heute und beginnen Sie die Reise zu Ihrer perfekten Veranstaltung. Lassen Sie die Magie S\u00fcdtirols sich mit Ihrer Vision vereinen, um ein au\u00dfergew\u00f6hnliches Erlebnis zu schaffen.<\/p>\n<p>W\u00e4hlen Sie Emotion Events f\u00fcr Ihre Veranstaltungen in S\u00fcdtirol und tauchen Sie ein in ein einzigartiges Abenteuer, voller kulinarischer Exzellenz, Emotionen und einem erstklassigen Catering-Service, der Ihre Veranstaltung unvergesslich machen wird.[\/vc_column_text][vc_empty_space][\/vc_column][vc_column width=&#8220;1\/4&#8243;][\/vc_column][\/vc_row][vc_row css_animation=&#8220;&#8220; row_type=&#8220;row&#8220; use_row_as_full_screen_section=&#8220;no&#8220; type=&#8220;full_width&#8220; angled_section=&#8220;no&#8220; text_align=&#8220;left&#8220; background_image_as_pattern=&#8220;without_pattern&#8220;][vc_column][vc_empty_space][vc_gallery type=&#8220;image_grid&#8220; images=&#8220;1113,1115,1117,903&#8243; img_size=&#8220;large&#8220; column_number=&#8220;4&#8243; grayscale=&#8220;no&#8220; images_space=&#8220;gallery_without_space&#8220;][\/vc_column][\/vc_row][vc_row css_animation=&#8220;&#8220; row_type=&#8220;row&#8220; use_row_as_full_screen_section=&#8220;no&#8220; type=&#8220;full_width&#8220; angled_section=&#8220;no&#8220; text_align=&#8220;left&#8220; background_image_as_pattern=&#8220;without_pattern&#8220; css=&#8220;.vc_custom_1695712238897{padding-right: 20px !important;padding-left: 20px !important;}&#8220; z_index=&#8220;&#8220;][vc_column width=&#8220;1\/4&#8243;][\/vc_column][vc_column width=&#8220;1\/2&#8243;][vc_empty_space height=&#8220;50px&#8220;][\/vc_column][vc_column width=&#8220;1\/4&#8243;][\/vc_column][\/vc_row][vc_row css_animation=&#8220;&#8220; row_type=&#8220;row&#8220; use_row_as_full_screen_section=&#8220;no&#8220; type=&#8220;full_width&#8220; angled_section=&#8220;no&#8220; text_align=&#8220;center&#8220; background_image_as_pattern=&#8220;without_pattern&#8220; z_index=&#8220;&#8220;][vc_column][qode_elements_holder number_of_columns=&#8220;one_column&#8220;][qode_elements_holder_item cover=&#8220;yes&#8220; advanced_animations=&#8220;no&#8220; background_image=&#8220;851&#8243; item_padding=&#8220;180px 0 360px 0%&#8220; item_padding_480=&#8220;120px 20px 120px 20px&#8220;][vc_column_text]<\/p>\n<h2><span style=\"color: #ffffff;\">Die Grundlage unseres Lebens ist die Ern\u00e4hrung.<\/span><\/h2>\n<p>&nbsp;<\/p>\n<blockquote>\n<h4><span style=\"color: white;\">Johann Lafer<\/span><\/h4>\n<\/blockquote>\n<p>[\/vc_column_text][vc_empty_space height=&#8220;34px&#8220;][\/qode_elements_holder_item][\/qode_elements_holder][\/vc_column][\/vc_row][vc_row css_animation=&#8220;&#8220; row_type=&#8220;row&#8220; use_row_as_full_screen_section=&#8220;no&#8220; type=&#8220;grid&#8220; angled_section=&#8220;no&#8220; text_align=&#8220;center&#8220; background_image_as_pattern=&#8220;without_pattern&#8220; padding_bottom=&#8220;100&#8243; z_index=&#8220;&#8220;][vc_column css=&#8220;.vc_custom_1528876146159{margin-top: -13.5% !important;}&#8220;][qode_elements_holder number_of_columns=&#8220;one_column&#8220;][qode_elements_holder_item advanced_animations=&#8220;no&#8220; background_image=&#8220;184&#8243; item_padding=&#8220;60px 110px 60px 110px&#8220; item_padding_768_1024=&#8220;60px 10px 60px 10px&#8220; item_padding_600_768=&#8220;60px 31px 60px 31px&#8220; item_padding_480_600=&#8220;60px 30px 60px 30px&#8220; item_padding_480=&#8220;60px 30px 60px 30px&#8220; custom_class=&#8220;qode-eh-with-background&#8220;][vc_column_text]<\/p>\n<h3>Sie brauchen eine Idee f\u00fcr Ihre Veranstaltung?<\/h3>\n<p>[\/vc_column_text][vc_empty_space height=&#8220;23px&#8220;][vc_single_image image=&#8220;147&#8243; img_size=&#8220;full&#8220; alignment=&#8220;center&#8220; qode_css_animation=&#8220;&#8220;][vc_empty_space height=&#8220;23px&#8220;][vc_column_text]<\/p>\n<h4>Wir unterst\u00fctzen Sie gerne bei der Planung und Durchf\u00fchrung Ihrer Veranstaltung.<\/h4>\n<p>[\/vc_column_text][vc_empty_space height=&#8220;23px&#8220;]\n\n\t<a href=\"\/de\/kontakte\/\" target=\"_self\" style=\"color: #ffffff\" class=\"qode-btn qode-btn-medium qode-btn-solid qode-btn-custom-hover-color qode-btn-icon qode-btn-default-hover\" data-hover-color=\"#ffffff\" >\n\t    <span class=\"qode-btn-text\">Kontakt<\/span><span class=\"qode-button-v2-icon-holder\"  ><span aria-hidden=\"true\" class=\"qode_icon_font_elegant icon_mail_alt qode-button-v2-icon-holder-inner\" ><\/span><\/span>\t<\/a>\n\n[\/qode_elements_holder_item][\/qode_elements_holder][\/vc_column][\/vc_row]<\/p>\n<\/div>","protected":false},"excerpt":{"rendered":"<p>[vc_row css_animation=&#8220;&#8220; row_type=&#8220;row&#8220; use_row_as_full_screen_section=&#8220;no&#8220; type=&#8220;full_width&#8220; angled_section=&#8220;no&#8220; text_align=&#8220;left&#8220; background_image_as_pattern=&#8220;without_pattern&#8220; z_index=&#8220;&#8220;][vc_column width=&#8220;1\/4&#8243;][\/vc_column][vc_column width=&#8220;1\/2&#8243; css=&#8220;.vc_custom_1695712223618{padding-right: 20px !important;padding-left: 20px !important;}&#8220;][vc_empty_space height=&#8220;50px&#8220;][vc_column_text] Planen Sie Ihre Events in S\u00fcdtirol [\/vc_column_text][vc_empty_space][\/vc_column][vc_column width=&#8220;1\/4&#8243;][\/vc_column][\/vc_row][vc_row css_animation=&#8220;&#8220; row_type=&#8220;row&#8220; use_row_as_full_screen_section=&#8220;no&#8220; type=&#8220;full_width&#8220; angled_section=&#8220;no&#8220; text_align=&#8220;left&#8220; background_image_as_pattern=&#8220;without_pattern&#8220; css=&#8220;.vc_custom_1695712230288{padding-right: 20px !important;padding-left: 20px !important;}&#8220; z_index=&#8220;&#8220;][vc_column width=&#8220;1\/4&#8243;][\/vc_column][vc_column width=&#8220;1\/2&#8243;][vc_empty_space][vc_column_text]Willkommen bei Emotion Events, Ihrem Partner&#8230;<\/p>\n","protected":false},"author":3,"featured_media":0,"parent":1267,"menu_order":0,"comment_status":"closed","ping_status":"closed","template":"full_width.php","meta":{"footnotes":""},"class_list":["post-1541","page","type-page","status-publish","hentry"],"_links":{"self":[{"href":"https:\/\/www.emotionevents.it\/de\/wp-json\/wp\/v2\/pages\/1541","targetHints":{"allow":["GET"]}}],"collection":[{"href":"https:\/\/www.emotionevents.it\/de\/wp-json\/wp\/v2\/pages"}],"about":[{"href":"https:\/\/www.emotionevents.it\/de\/wp-json\/wp\/v2\/types\/page"}],"author":[{"embeddable":true,"href":"https:\/\/www.emotionevents.it\/de\/wp-json\/wp\/v2\/users\/3"}],"replies":[{"embeddable":true,"href":"https:\/\/www.emotionevents.it\/de\/wp-json\/wp\/v2\/comments?post=1541"}],"version-history":[{"count":0,"href":"https:\/\/www.emotionevents.it\/de\/wp-json\/wp\/v2\/pages\/1541\/revisions"}],"up":[{"embeddable":true,"href":"https:\/\/www.emotionevents.it\/de\/wp-json\/wp\/v2\/pages\/1267"}],"wp:attachment":[{"href":"https:\/\/www.emotionevents.it\/de\/wp-json\/wp\/v2\/media?parent=1541"}],"curies":[{"name":"wp","href":"https:\/\/api.w.org\/{rel}","templated":true}]}}

Events in Südtirol

<div class="wpb-content-wrapper"><p>[vc_row css_animation=&#8220;&#8220; row_type=&#8220;row&#8220; use_row_as_full_screen_section=&#8220;no&#8220; type=&#8220;full_width&#8220; angled_section=&#8220;no&#8220; text_align=&#8220;left&#8220; background_image_as_pattern=&#8220;without_pattern&#8220; z_index=&#8220;&#8220;][vc_column width=&#8220;1/4&#8243;][/vc_column][vc_column width=&#8220;1/2&#8243; css=&#8220;.vc_custom_1695712223618{padding-right: 20px !important;padding-left: 20px !important;}&#8220;][vc_empty_space height=&#8220;50px&#8220;][vc_column_text]</p>
<h2 style="text-align: center;"><span class="NormalTextRun SCXW17085630 BCX8">Planen</span> <span class="NormalTextRun SCXW17085630 BCX8">Sie</span> <span class="NormalTextRun SCXW17085630 BCX8">Ihre</span> <span class="NormalTextRun SCXW17085630 BCX8">Events </span><span class="NormalTextRun SCXW17085630 BCX8">in Südtirol</span></h2>
<p>[/vc_column_text][vc_empty_space][/vc_column][vc_column width=&#8220;1/4&#8243;][/vc_column][/vc_row][vc_row css_animation=&#8220;&#8220; row_type=&#8220;row&#8220; use_row_as_full_screen_section=&#8220;no&#8220; type=&#8220;full_width&#8220; angled_section=&#8220;no&#8220; text_align=&#8220;left&#8220; background_image_as_pattern=&#8220;without_pattern&#8220; css=&#8220;.vc_custom_1695712230288{padding-right: 20px !important;padding-left: 20px !important;}&#8220; z_index=&#8220;&#8220;][vc_column width=&#8220;1/4&#8243;][/vc_column][vc_column width=&#8220;1/2&#8243;][vc_empty_space][vc_column_text]Willkommen bei Emotion Events, Ihrem Partner für unvergessliche Veranstaltungen im Herzen des zauberhaften Südtirols. Träumen Sie davon, eine Veranstaltung zu organisieren, die in der Erinnerung aller bleibt, in einer atemberaubenden Umgebung? Wir sind hier, um jeden Aspekt Ihrer besonderen Veranstaltung Wirklichkeit werden zu lassen.</p>
<p>&nbsp;</p>
<p>Unser Südtirol bietet eine einzigartige und außergewöhnliche natürliche Kulisse, und hier bei Emotion Events setzen wir uns dafür ein, Veranstaltungen zu kreieren, die ein authentischer Spiegel Ihrer Erwartungen sind. Von den majestätischen Bergen bis zu den malerischen Tälern wird jeder Ort zur perfekten Kulisse für Ihre Veranstaltung.</p>
<p>Unser erfahrenes Team kümmert sich um jedes Detail, von der Auswahl der idealen Location bis zur Betreuung des Caterings, um eine makellose und unvergessliche Veranstaltung zu gewährleisten. Unser Catering ist unser Aushängeschild: Wir bieten kulinarische Exzellenz, die die lokalen und internationalen Köstlichkeiten Südtirols zelebriert. Von traditionellen Gerichten bis zu modernen Gourmet-Kreationen erstellen wir maßgeschneiderte Menüs, die jeden Wunsch erfüllen und Ihre Gäste begeistern.</p>
<p>&nbsp;</p>
<p>Wir sind hier, um Ihre Ideen in die Realität umzusetzen, indem wir Veranstaltungen in Südtirol kreieren, die alle Erwartungen übertreffen. Kontaktieren Sie Emotion Events noch heute und beginnen Sie die Reise zu Ihrer perfekten Veranstaltung. Lassen Sie die Magie Südtirols sich mit Ihrer Vision vereinen, um ein außergewöhnliches Erlebnis zu schaffen.</p>
<p>Wählen Sie Emotion Events für Ihre Veranstaltungen in Südtirol und tauchen Sie ein in ein einzigartiges Abenteuer, voller kulinarischer Exzellenz, Emotionen und einem erstklassigen Catering-Service, der Ihre Veranstaltung unvergesslich machen wird.[/vc_column_text][vc_empty_space][/vc_column][vc_column width=&#8220;1/4&#8243;][/vc_column][/vc_row][vc_row css_animation=&#8220;&#8220; row_type=&#8220;row&#8220; use_row_as_full_screen_section=&#8220;no&#8220; type=&#8220;full_width&#8220; angled_section=&#8220;no&#8220; text_align=&#8220;left&#8220; background_image_as_pattern=&#8220;without_pattern&#8220;][vc_column][vc_empty_space][vc_gallery type=&#8220;image_grid&#8220; images=&#8220;1113,1115,1117,903&#8243; img_size=&#8220;large&#8220; column_number=&#8220;4&#8243; grayscale=&#8220;no&#8220; images_space=&#8220;gallery_without_space&#8220;][/vc_column][/vc_row][vc_row css_animation=&#8220;&#8220; row_type=&#8220;row&#8220; use_row_as_full_screen_section=&#8220;no&#8220; type=&#8220;full_width&#8220; angled_section=&#8220;no&#8220; text_align=&#8220;left&#8220; background_image_as_pattern=&#8220;without_pattern&#8220; css=&#8220;.vc_custom_1695712238897{padding-right: 20px !important;padding-left: 20px !important;}&#8220; z_index=&#8220;&#8220;][vc_column width=&#8220;1/4&#8243;][/vc_column][vc_column width=&#8220;1/2&#8243;][vc_empty_space height=&#8220;50px&#8220;][/vc_column][vc_column width=&#8220;1/4&#8243;][/vc_column][/vc_row][vc_row css_animation=&#8220;&#8220; row_type=&#8220;row&#8220; use_row_as_full_screen_section=&#8220;no&#8220; type=&#8220;full_width&#8220; angled_section=&#8220;no&#8220; text_align=&#8220;center&#8220; background_image_as_pattern=&#8220;without_pattern&#8220; z_index=&#8220;&#8220;][vc_column][qode_elements_holder number_of_columns=&#8220;one_column&#8220;][qode_elements_holder_item cover=&#8220;yes&#8220; advanced_animations=&#8220;no&#8220; background_image=&#8220;851&#8243; item_padding=&#8220;180px 0 360px 0%&#8220; item_padding_480=&#8220;120px 20px 120px 20px&#8220;][vc_column_text]</p>
<h2><span style="color: #ffffff;">Die Grundlage unseres Lebens ist die Ernährung.</span></h2>
<p>&nbsp;</p>
<blockquote>
<h4><span style="color: white;">Johann Lafer</span></h4>
</blockquote>
<p>[/vc_column_text][vc_empty_space height=&#8220;34px&#8220;][/qode_elements_holder_item][/qode_elements_holder][/vc_column][/vc_row][vc_row css_animation=&#8220;&#8220; row_type=&#8220;row&#8220; use_row_as_full_screen_section=&#8220;no&#8220; type=&#8220;grid&#8220; angled_section=&#8220;no&#8220; text_align=&#8220;center&#8220; background_image_as_pattern=&#8220;without_pattern&#8220; padding_bottom=&#8220;100&#8243; z_index=&#8220;&#8220;][vc_column css=&#8220;.vc_custom_1528876146159{margin-top: -13.5% !important;}&#8220;][qode_elements_holder number_of_columns=&#8220;one_column&#8220;][qode_elements_holder_item advanced_animations=&#8220;no&#8220; background_image=&#8220;184&#8243; item_padding=&#8220;60px 110px 60px 110px&#8220; item_padding_768_1024=&#8220;60px 10px 60px 10px&#8220; item_padding_600_768=&#8220;60px 31px 60px 31px&#8220; item_padding_480_600=&#8220;60px 30px 60px 30px&#8220; item_padding_480=&#8220;60px 30px 60px 30px&#8220; custom_class=&#8220;qode-eh-with-background&#8220;][vc_column_text]</p>
<h3>Sie brauchen eine Idee für Ihre Veranstaltung?</h3>
<p>[/vc_column_text][vc_empty_space height=&#8220;23px&#8220;][vc_single_image image=&#8220;147&#8243; img_size=&#8220;full&#8220; alignment=&#8220;center&#8220; qode_css_animation=&#8220;&#8220;][vc_empty_space height=&#8220;23px&#8220;][vc_column_text]</p>
<h4>Wir unterstützen Sie gerne bei der Planung und Durchführung Ihrer Veranstaltung.</h4>
<p>[/vc_column_text][vc_empty_space height=&#8220;23px&#8220;]

	<a href="/de/kontakte/" target="_self" style="color: #ffffff" class="qode-btn qode-btn-medium qode-btn-solid qode-btn-custom-hover-color qode-btn-icon qode-btn-default-hover" data-hover-color="#ffffff" >
	    <span class="qode-btn-text">Kontakt</span><span class="qode-button-v2-icon-holder"  ><span aria-hidden="true" class="qode_icon_font_elegant icon_mail_alt qode-button-v2-icon-holder-inner" ></span></span>	</a>

[/qode_elements_holder_item][/qode_elements_holder][/vc_column][/vc_row]</p>
</div>

<p>[vc_row css_animation=&#8220;&#8220; row_type=&#8220;row&#8220; use_row_as_full_screen_section=&#8220;no&#8220; type=&#8220;full_width&#8220; angled_section=&#8220;no&#8220; text_align=&#8220;left&#8220; background_image_as_pattern=&#8220;without_pattern&#8220; z_index=&#8220;&#8220;][vc_column width=&#8220;1/4&#8243;][/vc_column][vc_column width=&#8220;1/2&#8243; css=&#8220;.vc_custom_1695712223618{padding-right: 20px !important;padding-left: 20px !important;}&#8220;][vc_empty_space height=&#8220;50px&#8220;][vc_column_text] Planen Sie Ihre Events in Südtirol [/vc_column_text][vc_empty_space][/vc_column][vc_column width=&#8220;1/4&#8243;][/vc_column][/vc_row][vc_row css_animation=&#8220;&#8220; row_type=&#8220;row&#8220; use_row_as_full_screen_section=&#8220;no&#8220; type=&#8220;full_width&#8220; angled_section=&#8220;no&#8220; text_align=&#8220;left&#8220; background_image_as_pattern=&#8220;without_pattern&#8220; css=&#8220;.vc_custom_1695712230288{padding-right: 20px !important;padding-left: 20px !important;}&#8220; z_index=&#8220;&#8220;][vc_column width=&#8220;1/4&#8243;][/vc_column][vc_column width=&#8220;1/2&#8243;][vc_empty_space][vc_column_text]Willkommen bei Emotion Events, Ihrem Partner&#8230;</p>
